
Let t(g) = -3*g - 35. Give t(-10).
-5
Let i(z) = -z**3 - 6*z**2 + 3*z + 15. Give i(-6).
-3
Let u(k) = 121*k + 1. Calculate u(1).
122
Let f(q) = 2*q + 11. Give f(-17).
-23
Let a(q) = q**3 + 8*q**2 + 8*q - 37. Give a(-6).
-13
Let s(b) = -2*b**3 - 3*b**2 - b + 1. Determine s(-2).
7
Let j(d) = -d**2 + 14*d - 19. What is j(9)?
26
Let i(j) = -9*j**2 + 2*j + 4. Give i(-2).
-36
Let g(i) = i + 54. Determine g(0).
54
Let l(y) = 10*y + 22. Determine l(-6).
-38
Let q(a) = -2*a**3 - 35*a**2 + 20*a + 49. Calculate q(-18).
13
Let z(k) = -8*k + 21. Calculate z(5).
-19
Let b(n) = n**3 + 5*n**2 + 5*n + 5. Calculate b(-4).
1
Let f(a) = a**2 + 2*a - 6. Give f(6).
42
Let t(r) = 11*r - 2. What is t(-1)?
-13
Let o(r) = 2*r**2 - 1. Give o(-2).
7
Let w(t) = t**3 - 12*t**2 + 26*t. Give w(3).
-3
Let f(b) = b**3 - 9*b**2 + 6*b. Calculate f(4).
-56
Let s(h) = -8*h + 176. What is s(23)?
-8
Let q(x) = -x**2 + 19*x + 14. What is q(22)?
-52
Let m(r) = r**2 + 16*r + 37. Calculate m(-3).
-2
Let i(x) = -x**3 + 9*x**2 - 5*x - 2. Calculate i(8).
22
Let j(o) = 3*o**2 - 51*o + 1. Give j(17).
1
Let x(h) = h**3 - 3*h**2 - 2*h + 1. What is x(-3)?
-47
Let m(t) = -t**3 - 3*t**2 - 3*t + 1. Give m(-2).
3
Let g(n) = 13*n**2 + 8*n + 6. Give g(-3).
99
Let o(j) = -j**3 - 9*j**2 - 23*j - 6. Calculate o(-4).
6
Let h(b) = b**3 + 10*b**2 - b - 3. Calculate h(-10).
7
Let i(k) = -k**3 - 4*k**2 + 2*k + 2. Calculate i(-4).
-6
Let s(b) = b**2 + 10*b + 11. Give s(-7).
-10
Let c(r) = -3*r**2 + 23*r + 322. Calculate c(15).
-8
Let x(u) = 2*u - 8. Calculate x(-6).
-20
Let l(i) = i**3 + 15*i**2 + 15*i - 7. Calculate l(-14).
-21
Let t(u) = u**3 - 5*u**2 - u - 2. Calculate t(6).
28
Let g(r) = r - 31. Give g(24).
-7
Let w(f) = f**2 + 5*f + 6. Give w(-7).
20
Let w(f) = -f + 3. What is w(0)?
3
Let i(m) = -m**3 + 11*m**2 + m + 14. Determine i(10).
124
Let y(f) = -f**3 - 8*f**2 + 7*f + 43. What is y(-9)?
61
Let t(y) = 3*y + 3. Give t(2).
9
Let b(f) = f**3 - 2*f**2 - 7*f - 5. Give b(4).
-1
Let z(a) = a**3 + 8*a**2 + 7*a + 7. What is z(-7)?
7
Let i(z) = 3*z**3 - 2*z**2 + z - 3. Give i(2).
15
Let y(r) = -r**3 - 5*r**2 + 4*r - 11. Give y(-6).
1
Let v(m) = 3*m**2 + 5*m - 10. Calculate v(4).
58
Let b(k) = 12*k - 96. Give b(7).
-12
Let v(d) = -d**3 + 10*d**2 + 10*d + 13. Determine v(11).
2
Let t(h) = -h**3 - 6*h + 9. Determine t(2).
-11
Let v(u) = -8*u**2 - 13*u + 2. What is v(-2)?
-4
Let d(h) = 2*h**2 - 2*h - 1. Determine d(-1).
3
Let p(h) = 5*h**2 + 2*h + 2. Determine p(-4).
74
Let c(t) = 4*t**3 + 4*t**2 + 3*t. Determine c(-1).
-3
Let d(w) = w**3 - 3*w**2 - 6*w - 4. Give d(5).
16
Let p(x) = -x**3 - 11*x**2 + 11*x - 23. Determine p(-12).
-11
Let d(j) = 6*j + 53. Calculate d(-10).
-7
Let f(d) = -2*d**2 - 21*d - 44. Determine f(-8).
-4
Let p(a) = -a**2 + 89. Give p(0).
89
Let x(t) = 2*t**3 - 15*t**2 - 7*t - 8. Give x(8).
0
Let x(h) = 18*h**3 + 2*h**2 - 1. Determine x(-1).
-17
Let s(k) = -4*k - 1. Determine s(-8).
31
Let n(d) = -d - 3. Give n(-6).
3
Let d(b) = b**3 - b**2 - 7*b + 2. Determine d(2).
-8
Let g(q) = q**2 + 2*q + 61. Calculate g(0).
61
Let o(s) = -s - 8. Determine o(0).
-8
Let c(v) = 19*v**3 + v**2 - v + 1. What is c(1)?
20
Let w(h) = 10*h - 52. Calculate w(-8).
-132
Let t(p) = -p + 6. What is t(2)?
4
Let x(o) = o**2 + 9*o - 3. Determine x(-3).
-21
Let g(l) = -5*l**2 + 2*l - 2. Determine g(1).
-5
Let h(u) = -4*u**2 + u + 15. Calculate h(4).
-45
Let s(f) = -f**3 + 22*f**2 + 48*f + 9. Give s(24).
9
Let t(p) = -p + 4. Calculate t(21).
-17
Let w(z) = -6*z + 5. Calculate w(-3).
23
Let b(p) = -p**3 + p + 32. What is b(0)?
32
Let o(v) = 12*v + 6. Give o(-4).
-42
Let u(h) = 13*h**2 - 3*h + 3. Determine u(2).
49
Let f(q) = -q**2 - 10*q - 4. Calculate f(-10).
-4
Let a(b) = -b**2 + 2*b + 14. What is a(6)?
-10
Let o(h) = -3*h**2 - 25*h + 45. Calculate o(-10).
-5
Let o(h) = 21*h - 626. What is o(30)?
4
Let q(n) = n**2 - 3*n - 1. What is q(8)?
39
Let y(w) = -2*w - 20. Give y(-7).
-6
Let r(h) = -6*h - 41. Determine r(-7).
1
Let t(j) = -3*j**2 - j + 2. What is t(-3)?
-22
Let k(p) = -p**3 - p - 1. Give k(-3).
29
Let b(t) = t**3 - 7*t**2 - t + 14. Give b(6).
-28
Let u(d) = d**3 - 8*d**2 + 7*d - 7. What is u(7)?
-7
Let c(p) = -p**2 + 13*p + 8. What is c(14)?
-6
Let p(t) = -t - 18. Give p(5).
-23
Let u(o) = -o**3 - 19*o**2 + 44*o + 44. What is u(-21)?
2
Let y(p) = -3*p**2 + 153*p - 143. Calculate y(50).
7
Let r(a) = 4*a**3 + a**2 - a - 1. Determine r(-2).
-27
Let b(h) = h**2 + 33*h + 116. What is b(-31)?
54
Let u(b) = b**3 - 6*b**2 - 18*b + 17. Give u(8).
1
Let k(f) = f**3 - 16*f**2 - 17*f + 14. Give k(17).
14
Let p(t) = -2*t + 6. Calculate p(-3).
12
Let j(t) = -5*t**3 + 2*t**2 + 14*t + 12. Determine j(-1).
5
Let y(k) = -k**2 - 11*k + 15. Calculate y(-12).
3
Let m(q) = -q**3 - 3*q**2 - q + 7. What is m(-3)?
10
Let r(i) = -i - 26. What is r(-17)?
-9
Let n(s) = 8*s + 27. Determine n(-10).
-53
Let m(i) = 24*i + 77. Calculate m(-3).
5
Let b(t) = 7*t - 17. Determine b(4).
11
Let o(q) = q**3 + 36*q**2 + q + 42. Determine o(-36).
6
Let k(n) = -6*n + 88. Determine k(14).
4
Let t(p) = p**3 - 5*p**2 - 3*p + 1. Give t(4).
-27
Let j(u) = u**3 + 12*u**2 + 10*u - 3. Give j(-11).
8
Let q(u) = u**2 - 3*u - 26. Calculate q(0).
-26
Let o(g) = -g + 20. Determine o(18).
2
Let o(l) = -l**2 + 19*l - 18. What is o(18)?
0
Let o(m) = -m**2 - 8*m - 11. Calculate o(-2).
1
Let m(f) = -10*f + 5. What is m(3)?
-25
Let d(s) = 3*s + 182. What is d(-62)?
-4
Let k(c) = -c**2 - 12*c - 29. What is k(-11)?
-18
Let k(i) = -i**3 + 17*i**2 - 57*i - 4. Determine k(13).
-69
Let j(p) = 3*p**2 - 1. Determine j(-2).
11
Let b(q) = 2*q + 3. Calculate b(-1).
1
Let l(m) = m**3 - 18*m**2 + 38*m - 61. Calculate l(16).
35
Let l(f) = 4*f - 11. What is l(9)?
25
Let p(c) = c**3 - 20*c**2 + 34*c + 34. Calculate p(18).
-2
Let y(v) = -4*v**2 - v + 4. Give y(-2).
-10
Let f(o) = o - 5. Calculate f(-6).
-11
Let j(x) = 13*x + 33. Calculate j(0).
33
Let w(p) = -p**3 - 8*p**2 + p + 4. Calculate w(-6).
-74
Let c(m) = -m**2 + 9*m - 5. Calculate c(7).
9
Let i(k) = 6*k - 90. Determine i(10).
-30
Let i(j) = -j**3 + 22. Determine i(0).
22
Let p(m) = -2*m - 1. What is p(-3)?
5
Let u(c) = 2*c**2 - 2*c + 10. Give u(7).
94
Let y(b) = b**2 - 9*b - 26. What is y(11)?
-4
Let l(o) = -2*o**2 + 20*o - 12. Give l(9).
6
Let r(l) = -l**3 + l**2 - 5*l + 6. What is r(2)?
-8
Let f(s) = -s**3 - 12*s**2 - 9*s + 8. Give f(-11).
-14
Let w(u) = -u + 5. Calculate w(22).
-17
Let n(w) = w**3 - 7*w**2 + 8*w - 4. Calculate n(2).
-8
Let r(l) = -3*l**2 + 15*l - 20. What is r(5)?
-20
Let m(o) = o**3 + 11*o**2 + 9*o - 7. Calculate m(-10).
3
Let q(s) = -98*s + 4. Determine q(-1).
102
Let i(j) = 7*j + 9. Determine i(-4).
-19
Let j(h) = -h**3 - h**2 - 3*h. What is j(-4)?
60
Let m(s) = s**2 + 9*s - 10. Give m(-8).
-18
Let f(t) = -2*t**3 + 57*t**2 + 31*t - 43. Give f(29).
15
Let c(p) = 23*p + 74. Determine c(-4).
-18
Let p(r) = r**2 - 10*r + 11. What is p(14)?
67
Let y(v) = -v**3 - 28*v**2 - 22*v + 136. Determine y(-27).
1
Let t(b) = -2*b**2 + 2*b - 2. What is t(2)?
-6
Let v(r) = 2*r**2 - 11*r - 29. Calculate v(10).
61
Let n(m) = m**2 - 24*m + 38. What is n(18)?
-70
Let v(b) = -b**3 - 17*b**2 + 13. Determine v(-17).
13
Let u(s) = 8*s + 9. Determine u(4).
41
Let j(v) = -v**3 - 7*v**2 + 3. Give j(-6).
-33
Let y(z) = -3*z + 26. Determine y(8).
2
Let b(y) = 105*y + 1570. Determine b(-15).
-5
Let p(s) = s**2 - 15*s + 45. What is p(11)?
1
Let o(m) = 2*m**3 + 27*m**2 - 15*m - 17. Determine o(-14).
-3
Let z(o) = -12*o**2. Give z(1).
-12
Let f(w) = -w**3 - 5*w**2 - 2*w - 2. Determine f(-5).
8
Let p(j) = j**3 + 15*j**2 + 15*j - 19. What is p(-14)?
-33
Let u(c) = -6*c**2 + 82*c + 15. Give u(14).
-13
Let f(k) = -k**2 + 3*k - 4. Determine f(3).
-4
Let k(b) = -b**3 + 7*b**2 - 8*b - 11. Determine k(4).
5
Let k(c) = c + 10. Calculate k(-5).
5
Let d(a) = 4*a - 8. Calculate d(4).
8
Let o(s) = -36*s + 30. Give o(1).
-6
Let m(d) = 113*d**2 + 5*d - 2. Give m(1).
116
Let q(i) = 18*i - 63. Give q(3).
-9
Let o(t) = -3*t**2 + 4*t + 22. Determine o(7).
-97
Let v(f) = -f**3 - 19*f**2 + 67*f + 23. What is v(-22)?
1
Let d(c) = 10*c + 2. Give d(-2).
-18
Let i(y) = 4*y - 11. Give i(9).
25
Let t(h) = 3*h. Give t(6).
18
Let c(u) = 9*u**3 - u**2. What is c(1)?
8
Let m(b) = -b**2 + 15*b - 48. What is m(11)?
-4
Let n(g) = -g**3 + 5*g**2 - 3*g + 9. Calculate n(5).
